rime factors of 162009.
3, 47, 383
List the prime factors of 921210.
2, 3, 5, 30707
What are the prime factors of 5610653?
5610653
List the prime factors of 1041133.
421, 2473
List the prime factors of 454361.
454361
List the prime factors of 30421384.
2, 7, 107, 5077
What are the prime factors of 78516?
2, 3, 727
List the prime factors of 3037027.
7, 433861
What are the prime factors of 166008?
2, 3, 6917
What are the prime factors of 29023?
29023
List the prime factors of 75721.
75721
List the prime factors of 731043.
3, 43, 1889
What are the prime factors of 848623?
17, 49919
List the prime factors of 107798.
2, 53899
What are the prime factors of 619178?
2, 7, 47, 941
What are the prime factors of 8896938?
2, 3, 31, 1543
What are the prime factors of 2262786?
2, 3, 19, 23, 863
What are the prime factors of 857261?
19, 45119
List the prime factors of 13275976.
2, 7, 237071
List the prime factors of 98793.
3, 3659
List the prime factors of 12936092.
2, 13, 47, 67, 79
What are the prime factors of 206359?
19, 10861
List the prime factors of 8205727.
8205727
List the prime factors of 664349.
7, 94907
What are the prime factors of 126275?
5, 5051
List the prime factors of 98363.
19, 31, 167
List the prime factors of 5153790.
2, 3, 5, 171793
List the prime factors of 776425.
5, 13, 2389
What are the prime factors of 490263?
3, 17, 9613
What are the prime factors of 298966?
2, 83, 1801
What are the prime factors of 6515594?
2, 19, 277, 619
List the prime factors of 274597.
23, 11939
What are the prime factors of 16068361?
367, 43783
What are the prime factors of 452514?
2, 3, 53, 1423
What are the prime factors of 2676809?
23, 181, 643
List the prime factors of 5065742.
2, 11, 19, 12119
List the prime factors of 349475.
5, 7, 1997
List the prime factors of 3604386.
2, 3, 71, 8461
What are the prime factors of 4567533?
3, 1522511
List the prime factors of 5286632.
2, 13, 50833
List the prime factors of 3448269.
3, 11, 61, 571
What are the prime factors of 795995?
5, 159199
What are the prime factors of 9897012?
2, 3, 91639
List the prime factors of 1312311.
3, 7, 11, 13, 19, 23
List the prime factors of 6386997.
3, 1409, 1511
What are the prime factors of 718477?
431, 1667
What are the prime factors of 89343?
3, 1103
List the prime factors of 386334.
2, 3, 13, 127
List the prime factors of 20535723.
3, 13, 175519
List the prime factors of 392741.
392741
List the prime factors of 21721650.
2, 3, 5, 179, 809
What are the prime factors of 6568047?
3, 151, 179
What are the prime factors of 346557?
3, 331, 349
What are the prime factors of 3321569?
89, 37321
What are the prime factors of 198744?
2, 3, 7, 13
List the prime factors of 196759.
41, 4799
What are the prime factors of 14593224?
2, 3, 23, 26437
What are the prime factors of 1461142?
2, 730571
What are the prime factors of 1614681?
3, 79, 757
What are the prime factors of 265077?
3, 29453
What are the prime factors of 22489854?
2, 3, 3748309
List the prime factors of 304501.
304501
List the prime factors of 259501.
11, 31, 761
What are the prime factors of 96748?
2, 19, 67
List the prime factors of 14820648.
2, 3, 23, 26849
List the prime factors of 21658029.
3, 7219343
What are the prime factors of 375862?
2, 187931
What are the prime factors of 1499816?
2, 187477
List the prime factors of 149101.
149101
List the prime factors of 327237.
3, 19, 5741
What are the prime factors of 96053?
96053
List the prime factors of 1520645.
5, 7, 23, 1889
List the prime factors of 387694.
2, 193847
List the prime factors of 168362.
2, 84181
List the prime factors of 488339.
488339
List the prime factors of 1216081.
197, 6173
What are the prime factors of 189687?
3, 53, 1193
List the prime factors of 1708543.
1708543
What are the prime factors of 7436934?
2, 3, 29, 1583
List the prime factors of 3012724.
2, 11, 13, 23, 229
What are the prime factors of 613271?
499, 1229
What are the prime factors of 3063760?
2, 5, 7, 5471
List the prime factors of 4593429.
3, 6301
What are the prime factors of 173993?
173993
What are the prime factors of 9313834?
2, 139, 33503
What are the prime factors of 1249831?
11, 113621
What are the prime factors of 391907?
391907
List the prime factors of 23571704.
2, 13, 19, 79, 151
List the prime factors of 1391616.
2, 3, 151
List the prime factors of 1799522.
2, 899761
List the prime factors of 14499122.
2, 11, 353, 1867
What are the prime factors of 205420?
2, 5, 10271
List the prime factors of 96583.
59, 1637
What are the prime factors of 810262?
2, 149, 2719
List the prime factors of 495873.
3, 7, 17, 463
What are the prime factors of 6368095?
5, 61, 20879
What are the prime factors of 3839577?
3, 7, 19, 9623
What are the prime factors of 239140?
2, 5, 11, 1087
What are the prime factors of 19400468?
2, 17, 285301
List the prime factors of 330449.
7, 47207
List the prime factors of 24522254.
2, 12261127
What are the prime factors of 6687408?
2, 3, 7, 13, 1531
List the prime factors of 7895326.
2, 3947663
What are the prime factors of 275945?
5, 229, 241
List the prime factors of 348089.
7, 49727
What are the prime factors of 133664?
2, 4177
List the prime factors of 5367269.
41, 109, 1201
List the prime factors of 3944029.
29, 307, 443
List the prime factors of 124470.
2, 3, 5, 461
What are the prime factors of 642381?
3, 233, 919
What are the prime factors of 3099660?
2, 3, 5, 19, 2719
What are the prime factors of 585773?
643, 911
List the prime factors of 26598520.
2, 5, 13, 51151
What are the prime factors of 306291?
3, 23, 193
What are the prime factors of 340614?
2, 3, 127, 149
List the prime factors of 526225.
5, 7, 31, 97
List the prime factors of 149912.
2, 7, 2677
What are the prime factors of 164425?
5, 6577
List the prime factors of 269042.
2, 17, 41, 193
List the prime factors of 1985532.
2, 3, 17, 9733
What are the prime factors of 5644331?
7, 11, 73303
List the prime factors of 2199402.
2, 3, 19, 59, 109
List the prime factors of 2137081.
179, 11939
What are the prime factors of 1510297?
17, 73, 1217
List the prime factors of 1464299.
1464299
List the prime factors of 1662700.
2, 5, 13, 1279
What are the prime factors of 23685116?
2, 7, 13, 31, 2099
What are the prime factors of 196948?
2, 53, 929
List the prime factors of 987714.
2, 3, 7, 13, 67
What are the prime factors of 197658?
2, 3, 79, 139
List the prime factors of 10832353.
7, 1547479
What are the prime factors of 847062?
2, 3, 47059
What are the prime factors of 9439436?
2, 461, 5119
What are the prime factors of 1905270?
2, 3, 5, 41, 1549
List the prime factors of 3293356.
2, 11, 29, 89
List the prime factors of 80275.
5, 13, 19
List the prime factors of 1154916.
2, 3, 7, 4583
What are the prime factors of 248808?
2, 3, 7, 1481
What are the prime factors of 2116072?
2, 7, 29, 1303
What are the prime factors of 8322275?
5, 13, 29, 883
List the prime factors of 3190905.
3, 5, 23, 3083
What are the prime factors of 5954278?
2, 11, 89, 3041
List the prime factors of 1021972.
2, 7, 17, 19, 113
What are the prime factors of 7697095?
5, 7, 219917
List the prime factors of 2750223.
3, 7, 53, 353
What are the prime factors of 6503466?
2, 3, 1083911
What are the prime factors of 2310748?
2, 11, 52517
List the prime factors of 218340.
2, 3, 5, 1213
List the prime factors of 1781291.
31, 37, 1553
List the prime factors of 240603.
3, 11, 23, 317
What are the prime factors of 1557018?
2, 3, 86501
List the prime factors of 166429.
166429
What are the prime factors of 13834606?
2, 83, 83341
What are the prime factors of 3644846?
2, 19, 95917
List the prime factors of 2685763.
79, 33997
List the prime factors of 94523.
11, 13, 661
What are the prime factors of 1493896?
2, 23, 353
What are the prime factors of 140637?
3, 7, 37, 181
What are the prime factors of 3411661?
11, 193, 1607
What are the prime factors of 6637128?
2, 3, 97, 2851
List the prime factors of 3725641.
37, 100693
What are the prime factors of 3339734?
2, 823, 2029
What are the prime factors of 257263?
257263
List the prime factors of 2280881.
59, 67, 577
List the prime factors of 3723931.
3723931
What are the prime factors of 2091762?
2, 3, 79, 1471
List the prime factors of 74099.
74099
List the prime factors of 6103135.
5, 433, 2819
List the pri